{"id":4,"date":"2012-02-21T09:33:01","date_gmt":"2012-02-21T08:33:01","guid":{"rendered":"http:\/\/www.wordpress.drum-art-studio.de\/?page_id=4"},"modified":"2018-11-23T19:44:43","modified_gmt":"2018-11-23T18:44:43","slug":"der-lehrer","status":"publish","type":"page","link":"https:\/\/www.drum-art-studio.de\/?page_id=4","title":{"rendered":"Lehrer"},"content":{"rendered":"<h2 style=\"text-align: center;\"><span style=\"color: #ff6600;\">Holger R\u00f6der<\/span><br \/>\nLehrer &amp; Inhaber des drum art studio<\/h2>\n<p>&nbsp;<\/p>\n<ul>\n<li>2016: CD Ver\u00f6ffentlichung \u00abCATWALK DRAMA\u00bb, mit dem <a href=\"http:\/\/www.ice-blue-orchestra.de\" target=\"_blank\" rel=\"noopener\">ICE BLUE ORCHESTRA<\/a><\/li>\n<li>2014: CD Ver\u00f6ffentlichung \u00abHEAVEN AND EARTH\u00bb<a href=\"http:\/\/www.ice-blue-orchestra.de\"><img loading=\"lazy\" decoding=\"async\" class=\"alignright wp-image-235 size-full\" src=\"http:\/\/www.wordpress.drum-art-studio.de\/wp-content\/uploads\/2017\/01\/holger_act.jpeg\" width=\"371\" height=\"250\" srcset=\"https:\/\/www.drum-art-studio.de\/wp-content\/uploads\/2017\/01\/holger_act.jpeg 371w, https:\/\/www.drum-art-studio.de\/wp-content\/uploads\/2017\/01\/holger_act-300x202.jpeg 300w\" sizes=\"auto, (max-width: 371px) 100vw, 371px\" \/><\/a><\/li>\n<li>2012: CD Ver\u00f6ffentlichung \u00abBETWEEN DESTINATIONS\u00bb, mit dem <a href=\"http:\/\/www.ice-blue-orchestra.de\" target=\"_blank\" rel=\"noopener\">ICE BLUE ORCHESTRA<\/a><\/li>\n<li>2011: CD Ver\u00f6ffentlichungen \u00abELEMENTS, Music for Gongs and Percussion\u00bb und \u00abGONGS\u00bb<\/li>\n<li>2009: Konzerte und CD Ver\u00f6ffentlichung \u00abAwake\u00bb mit dem <a href=\"http:\/\/www.ice-blue-orchestra.de\" target=\"_blank\" rel=\"noopener\">ICE BLUE ORCHESTRA<\/a><\/li>\n<li>2007: Soloprojekt \u00abLarks-Tongues-Music\u00bb mit Ver\u00f6ffentlichung der CD \u00abIm Reich der m\u00e4chtigen Kl\u00e4nge\u00bb<\/li>\n<li>2005: DVD Ver\u00f6ffentlichung \u00abTidal Shift\u00bb von \u00abNEKROPOLIS 23\u00bb<\/li>\n<li>2004: Ver\u00f6ffentlichung des Bildbandes mit Texten und Audio-CD \u00abSteine\u00bb, dtv, in Co-Operation mit J. Scheffter und M. Attmanspacher (Fotos)<\/li>\n<li>2003: Ver\u00f6ffentlichung der \u00abNEKROPOLIS 23\u00bb CD \u00abVol. 1\u00bb<\/li>\n<li>Co-Composer f\u00fcr einige Filmmusiken und Kunstobjekte z.B. Titelmusik zu \u00abDer arabische Prinz\u00bb, ausgestrahlt im Januar 2000 &amp; 2002 im ZDF<\/li>\n<li>1997 bis 2003: Engagements mit dem Gala Ensemble \u00abBANANA GROOVE\u00bb und weitere CD Ver\u00f6ffentlichung von \u00abANTAKARANA\u00bb, \u00abSongs of Delight\u00bb<\/li>\n<li>Seit 1997: Zusammenarbeit mit dem Maler und Musikdramaturgen Peter Frohmader und sp\u00e4tere Gr\u00fcndung der Avant-Rock Formation \u00abNEKROPOLIS 23\u00bb. Gastschlagzeuger auf seinen CDs \u00abDas ist Alles\u00bb und \u00abAnubis Dance\u00bb<\/li>\n<li>1996: Engagements mit der Gala-Band \u00abNOBLE HOUSE\u00bb Mit der \u00abFRANKEN BIG BAND\u00bb auf Tournee in\u00a0 Namibia und S\u00fcdafrika. Ver\u00f6ffentlichung der Doppel-CD \u00abTibetan Mantras &amp; Divine Mixes\u00bb von \u00abANTAKARANA\u00bb<\/li>\n<li>1995: Erste \u00abANTAKARANA\u00bb CD \u00abTibetan Mantras\u00bb<\/li>\n<li>1993: Gong- und Percussion Einspielungen im Aufnahmestudio f\u00fcr Monica Meggendorfer\u2019s \u00abANTAKARANA\u00bb neben Charly Mariano, Markus Stockhausen und spirituellen Musikern aus aller Welt<\/li>\n<li>1990\/91: Er\u00f6ffnung des <strong><span style=\"color: #ff6600;\">drum art studio<\/span><\/strong> &#8211; professionelle Ausbildungsst\u00e4tte f\u00fcr Schlagzeuger\/innen<\/li>\n<li>1990: Konzerte mit der Rastst\u00e4tter Avantgarde &amp; Art-Rock-Gruppe \u00abS.O.M.A\u00bb<\/li>\n<li>1989: Jazz- und Blueskonzerte mit Eva Rothlauf<\/li>\n<li>1988: Konzerte und CD-Aufnahmen mit der Schizoid-Rock-Band \u00abSPLIT TONGUES\u00bb<\/li>\n<li>1982 bis 1986: Leitung des Gala- und Show Ensembles \u00abBANANA GROOVE\u00bb<\/li>\n<li>1985\/86: Lehrt\u00e4tigkeit f\u00fcr die Kreismusikschule Erding sowie f\u00fcr die Agostini-Schule M\u00fcnchen und Musikschule Tegernsee<\/li>\n<li>1983 bis 1985: Schlagzeugstudium an der Agostini-Schule in M\u00fcnchen bei Cloy Petersen. Zahlreiche Engagements f\u00fcr B\u00fchne und Studio bei professionellen Show- und Galaorchestern<\/li>\n<li>1980 bis 1982: Tourneen in S\u00fcddeutschland mit der Fusion-Rock-Band \u00abGOLDSMITH\u00bb und Ver\u00f6ffentlichung einer Single. Ebenfalls auf Tour mit der Country- und Western Gruppe \u00abPONY EXPRESS\u00bb und die erste LP \u00abUnterwegs\u00bb mit eingespielt<\/li>\n<li>1975 bis 1980: Erste B\u00fchnenerfahrungen mit M\u00fcnchner Amateur Rockbands<\/li>\n<\/ul>\n","protected":false},"excerpt":{"rendered":"<p>Holger R\u00f6der Lehrer &amp; Inhaber des drum art studio &nbsp; 2016: CD Ver\u00f6ffentlichung \u00abCATWALK DRAMA\u00bb, mit dem ICE BLUE ORCHESTRA 2014: CD Ver\u00f6ffentlichung \u00abHEAVEN AND EARTH\u00bb 2012: CD Ver\u00f6ffentlichung \u00abBETWEEN DESTINATIONS\u00bb, mit dem ICE BLUE ORCHESTRA 2011: CD Ver\u00f6ffentlichungen \u00abELEMENTS, Music for Gongs and Percussion\u00bb und \u00abGONGS\u00bb 2009: Konzerte und CD Ver\u00f6ffentlichung \u00abAwake\u00bb mit dem&hellip;<\/p>\n","protected":false},"author":1,"featured_media":0,"parent":0,"menu_order":3,"comment_status":"closed","ping_status":"closed","template":"","meta":{"footnotes":""},"class_list":["post-4","page","type-page","status-publish","hentry"],"_links":{"self":[{"href":"https:\/\/www.drum-art-studio.de\/index.php?rest_route=\/wp\/v2\/pages\/4","targetHints":{"allow":["GET"]}}],"collection":[{"href":"https:\/\/www.drum-art-studio.de\/index.php?rest_route=\/wp\/v2\/pages"}],"about":[{"href":"https:\/\/www.drum-art-studio.de\/index.php?rest_route=\/wp\/v2\/types\/page"}],"author":[{"embeddable":true,"href":"https:\/\/www.drum-art-studio.de\/index.php?rest_route=\/wp\/v2\/users\/1"}],"replies":[{"embeddable":true,"href":"https:\/\/www.drum-art-studio.de\/index.php?rest_route=%2Fwp%2Fv2%2Fcomments&post=4"}],"version-history":[{"count":33,"href":"https:\/\/www.drum-art-studio.de\/index.php?rest_route=\/wp\/v2\/pages\/4\/revisions"}],"predecessor-version":[{"id":380,"href":"https:\/\/www.drum-art-studio.de\/index.php?rest_route=\/wp\/v2\/pages\/4\/revisions\/380"}],"wp:attachment":[{"href":"https:\/\/www.drum-art-studio.de\/index.php?rest_route=%2Fwp%2Fv2%2Fmedia&parent=4"}],"curies":[{"name":"wp","href":"https:\/\/api.w.org\/{rel}","templated":true}]}}